- 56233. What is d(-32)?
23
Let l(g) = g**2 - 136*g - 4208. Calculate l(162).
4
Let r(y) = y**2 + 28*y + 22. Calculate r(-27).
-5
Let v(h) = h**3 + 24*h**2 + 73*h + 111. Give v(-21).
-99
Let y(g) = 440*g + 14956. Give y(-34).
-4
Let a(k) = 2492*k + 22403. Determine a(-9).
-25
Let c(m) = m**3 - 20*m**2 - 114*m - 11. Determine c(24).
-443
Let c(y) = -56*y**2 - 334*y - 15. What is c(-6)?
-27
Let t(a) = 161*a - 3048. What is t(19)?
11
Let r(v) = 2*v**3 + 31*v**2 - 11*v + 116. Calculate r(-16).
36
Let v(y) = -y**2 - 30*y - 121. Give v(-25).
4
Let s(g) = -230*g - 2952. Give s(-13).
38
Let v(b) = -b**3 - 256*b**2 + 1571*b - 5. Determine v(6).
-11
Let j(z) = -26*z**2 - 56*z + 57. What is j(1)?
-25
Let i(a) = 2*a**2 + 77*a - 792. Calculate i(-47).
7
Let v(s) = -79*s + 2618. Give v(32).
90
Let m(n) = -6*n + 64. What is m(23)?
-74
Let s(c) = -c**3 - 129*c**2 - 4053*c - 229. What is s(-75)?
-4
Let z(l) = -7*l + 218. Give z(36).
-34
Let k(l) = -l**3 + 6*l**2 - 46*l + 252. Calculate k(6).
-24
Let s(p) = 2*p**2 - 15*p + 50. Calculate s(3).
23
Let s(y) = -121*y - 972. Determine s(-8).
-4
Let c(q) = -q**2 - 249*q + 1984. Determine c(8).
-72
Let b(t) = -449*t + 255. What is b(1)?
-194
Let t(h) = 3*h**3 + 8*h**2 - 11*h + 7. Give t(1).
7
Let q(v) = -35*v - 391. Give q(-33).
764
Let p(u) = -u**2 - 8*u + 53. Give p(4).
5
Let l(k) = k**3 + 16*k**2 + 37*k - 40. Give l(-11).
158
Let l(k) = -110*k + 3416. Calculate l(31).
6
Let v(j) = -j**3 + 4*j**2 + 31*j + 32. Determine v(-3).
2
Let f(n) = -2*n**3 - 3*n + 26. What is f(3)?
-37
Let r(g) = 177*g - 243. Determine r(4).
465
Let l(i) = 3269*i - 3313. Give l(1).
-44
Let f(g) = 31*g + 1580. What is f(-52)?
-32
Let g(d) = -3*d**2 + 145*d + 255. Give g(50).
5
Let v(r) = -20*r - 441. Give v(-22).
-1
Let m(z) = 150*z - 144. Give m(1).
6
Let r(n) = -3*n**2 + 4*n + 20. What is r(0)?
20
Let q(w) = -4*w**2 + 44*w + 294. Give q(-6).
-114
Let r(u) = -8*u - 66. Calculate r(-11).
22
Let h(n) = 190*n + 33069. What is h(-174)?
9
Let o(n) = 2*n**2 - 10*n + 14. What is o(2)?
2
Let a(i) = 29*i**2 - 41*i + 32. Give a(5).
552
Let w(t) = -212*t**2 + 6*t + 6. Determine w(-1).
-212
Let a(f) = -128*f**2 + 6*f - 7. What is a(1)?
-129
Let w(j) = j**3 + 7*j**2 - 56*j + 57. Determine w(-14).
-531
Let v(a) = a**2 + 44*a + 115. Determine v(-3).
-8
Let n(q) = -4*q**3 - 20*q**2 + 17*q - 36. Give n(-6).
6
Let l(j) = 57*j**2 - 77*j + 83. Give l(1).
63
Let k(p) = 4*p**2 + 94*p - 664. Give k(8).
344
Let n(k) = 1178*k - 3565. Calculate n(3).
-31
Let l(j) = j**3 - 5*j**2 - 82*j + 403. Calculate l(5).
-7
Let g(n) = -6687*n + 100278. Determine g(15).
-27
Let g(d) = -1504*d + 30081. Give g(20).
1
Let p(q) = -4*q**2 + 99*q - 124. Calculate p(23).
37
Let l(f) = 1672*f + 8348. Calculate l(-5).
-12
Let s(i) = -i**2 - 38*i + 5. What is s(-34)?
141
Let h(t) = 8*t + 814. What is h(-97)?
38
Let r(o) = -5*o**2 + 534*o - 445. What is r(106)?
-21
Let a(r) = 21*r**3 + 3*r**2 + 2*r - 1. What is a(-1)?
-21
Let z(g) = g**2 - 13*g + 16. Give z(-3).
64
Let v(h) = h**3 + 56*h**2 + 59*h + 202. What is v(-55)?
-18
Let d(h) = -266*h**3 + 2*h + 1. Give d(1).
-263
Let t(a) = -322*a + 2236. Determine t(7).
-18
Let l(g) = 5*g - 477. Determine l(92).
-17
Let h(f) = -154*f**2 - 2470*f - 97. Determine h(-16).
-1
Let j(q) = -q**2 + 108*q - 796. Calculate j(8).
4
Let i(j) = -j**3 - 29*j**2 - 4*j - 118. Determine i(-29).
-2
Let p(q) = 7*q**3 + 85*q**2 + 12*q - 20. What is p(-12)?
-20
Let h(w) = 2*w**2 - 26*w + 88. Give h(4).
16
Let n(q) = 50*q**2 + 510*q + 52. Determine n(-10).
-48
Let c(r) = -391*r + 978. Determine c(3).
-195
Let m(z) = -2*z**2 - 79*z + 2269. Determine m(-61).
-354
Let m(n) = 34*n - 54. Give m(3).
48
Let l(w) = 4590*w - 9170. What is l(2)?
10
Let t(u) = -u**3 - 45*u**2 - 136*u - 10. Calculate t(-3).
20
Let o(s) = s**3 + 388*s**2. Calculate o(0).
0
Let s(g) = 16386*g + 81938. Calculate s(-5).
8
Let h(d) = 2*d - 28. Determine h(-10).
-48
Let i(r) = 2*r**2 - 4026*r - 28268. Calculate i(-7).
12
Let q(z) = -z**2 + 28*z - 171. Calculate q(11).
16
Let o(z) = -761*z - 28910. Determine o(-38).
8
Let r(y) = 115*y + 43. What is r(-2)?
-187
Let h(z) = z**2 + 22*z + 26. Give h(-15).
-79
Let m(y) = -y**3 - 5*y**2 + 504*y - 13. Calculate m(20).
67
Let m(k) = -8329*k + 16662. Give m(2).
4
Let q(u) = 22*u**3 + 398*u**2 + 43*u + 65. Give q(-18).
-61
Let u(c) = c**3 - 8*c**2 + 90*c - 677. Give u(8).
43
Let y(w) = 20*w + 273. Give y(-13).
13
Let o(f) = -942*f - 4700. What is o(-5)?
10
Let a(q) = -4*q**2 - 25*q + 21. Give a(-5).
46
Let r(s) = 3*s**2 + 9*s - 106. Determine r(-8).
14
Let g(v) = v**3 - 51*v**2 + 6*v - 727. What is g(51)?
-421
Let p(n) = 2*n**3 - 53*n**2 - 27*n + 54. Determine p(27).
54
Let g(w) = 4*w**2 - 33*w - 161. Calculate g(13).
86
Let f(z) = -30*z**2 - 3*z + 7. Calculate f(1).
-26
Let u(o) = 211*o + 1552. Calculate u(-8).
-136
Let j(t) = 4*t**3 - 6*t**2 + 17*t - 48. Give j(4).
180
Let i(a) = -2*a**3 + 78*a**2 + 8*a - 20. What is i(39)?
292
Let z(o) = -o**3 + 25*o**2 + 233*o - 282. Determine z(32).
6
Let w(d) = -2*d**2 - 34*d - 4. Calculate w(-14).
80
Let h(g) = -g - 28. Calculate h(4).
-32
Let s(b) = -2*b**2 + 152*b - 973. Determine s(7).
-7
Let i(j) = 10*j**3 + 2*j**2 - 15*j - 23. What is i(-3)?
-230
Let u(a) = -5*a**2 + 146*a + 29. Determine u(28).
197
Let s(i) = -1654*i - 6601. Calculate s(-4).
15
Let m(x) = -x**3 - x**2 - 83*x + 19. Give m(0).
19
Let t(r) = 2*r**3 - 75*r**2 + 27*r + 38. What is t(37)?
-332
Let r(c) = -3658*c + 18274. Give r(5).
-16
Let r(v) = v**3 + v**2 - 23*v + 69. Give r(0).
69
Let g(x) = -2*x**2 + 3*x + 670. What is g(-19)?
-109
Let j(m) = -420*m**2 + 28*m - 3. Determine j(1).
-395
Let n(l) = 6*l**2 + 187*l - 379. Determine n(-33).
-16
Let m(o) = -4*o**2 + 29*o + 311. Calculate m(-6).
-7
Let j(h) = h**2 + 36*h + 15. Give j(-30).
-165
Let t(v) = 2*v**2 + 126*v - 50. Calculate t(-64).
78
Let i(m) = m**3 - 18*m**2 + 35*m + 63. Give i(10).
-387
Let d(p) = 2*p**2 - 60*p + 24. Determine d(31).
86
Let r(d) = -3085*d - 15426. What is r(-5)?
-1
Let f(r) = -r**2 + 49*r - 432. Give f(10).
-42
Let s(k) = -40*k**2 + 41*k + 1. What is s(1)?
2
Let j(r) = r**3 + 83*r**2 + 1278*r + 1131. Determine j(-63).
-3
Let y(u) = -101*u + 3485. Determine y(34).
51
Let y(w) = w**3 + 57*w**2 - 2*w + 11. What is y(-57)?
125
Let d(z) = -2*z**2 + 14*z - 43. What is d(5)?
-23
Let h(p) = -p**2 - 34*p + 190. What is h(-37)?
79
Let j(c) = c**3 + 22*c**2 + 21*c - 6. Determine j(-21).
-6
Let u(v) = -v**2 - 14*v - 18. Calculate u(-20).
-138
Let q(d) = 75*d + 472. Give q(-7).
-53
Let m(h) = 20*h**3 + 121*h**2 + 7*h + 11. What is m(-6)?
5
Let k(q) = 121*q + 4166. Give k(-41).
-795
Let m(i) = 195*i + 1568. Determine m(-8).
8
Let h(f) = -f + 68. Give h(4).
64
Let k(c) = 32*c + 1342. What is k(-40)?
62
Let a(h) = 61*h + 78. Calculate a(-3).
-105
Let q(c) = c**3 - 79*c**2 - 73*c - 575. Calculate q(80).
-15
Let l(m) = -3*m + 37. What is l(5)?
22
Let h(p) = -p**3 - 10*p**2 + 7*p + 259. Calculate h(-8).
75
Let g(d) = -39*d + 1164. Calculate g(30).
-6
Let a(u) = -u**3 - 6*u**2 + 19*u + 18. Determine a(-8).
-6
Let z(r) = 4*r**2 + 24*r - 11. Determine z(-5).
-31
Let r(t) = 110336*t + 441346. What is r(-4)?
2
Let x(i) = -76*i**3 + i**2 + 4*i + 3. Determine x(-1).
76
Let d(n) = n**2 + 16*n + 49. Determine d(-13).
10
Let a(h) = -h**2 + 16*h + 326. Determine a(33).
-235
Let o(x) = x**3 - 51*x**2 + 147*x - 165. Determine o(48).
-21
Let o(p) = -22*p**2 - 211*p + 70. Give o(-10).
-20
Let u(i) = 94*i + 10023. What is u(-108)?
-129
Let c(z) = 7*z - 208. Give c(42).
86
Let m(g) = g**3 + 23*g**2 + 505*g + 11590. Calculate m(-23).
-25
Let v(a) = 5*a**2 + 43*a - 4. Calculate v(-4).
-96
Let u(c) = 3*c**3 - 50*c**2 - 22*c + 97. Give u(17).
12
Let n(i) = 48*i + 1595. Give n(-37).
-181
Let z(o) = 1573*o - 25168. Calculate z(16).
0
Let p(s) = 147*s + 1747. Calculate p(-12).
-17
Let x(l) = l**3 + 16*l + 137. Determine x(-6).
-175
Let v(q) = -248*q - 2996. Calculate v(-13).
228
Let t(d) = 3*d - 98. Give t(-7).
-119
Let h(s) = -47*s**2 - 1173*s + 53. Give h(-25).
3
Let y(q) = 117*q + 1049. Give y(-9).
-4
Let d(h) = 2*h**3 - 6*h**2 - 9. Give d(0).
-9
Let p(q) = q**2 - 2509*q - 46. Calculate p(0).
-46
Let a(t) = -930*t**3 - t**2 - 26*t + 27. Determine a(1).
-930
Let a(i) = 9*i**2 - 49*i - 626. Determine a(-6).
-8
Let m(x